mon factor of 58 and 3683.
29
Calculate the greatest common factor of 7 and 63.
7
What is the highest common divisor of 1800 and 81?
9
What is the highest common divisor of 26 and 1911?
13
Calculate the greatest common factor of 26 and 3406.
26
Calculate the greatest common factor of 47 and 893.
47
What is the greatest common divisor of 16 and 1400?
8
What is the greatest common divisor of 54 and 42?
6
Calculate the highest common factor of 1370 and 310.
10
What is the greatest common factor of 14 and 875?
7
What is the highest common divisor of 1854 and 18?
18
Calculate the highest common factor of 15 and 2355.
15
What is the highest common divisor of 7 and 448?
7
Calculate the highest common factor of 180 and 520.
20
Calculate the greatest common divisor of 945 and 405.
135
Calculate the greatest common divisor of 810 and 90.
90
Calculate the greatest common divisor of 15 and 40.
5
What is the highest common divisor of 14 and 23002?
14
Calculate the highest common factor of 208 and 10400.
208
Calculate the greatest common divisor of 399 and 147.
21
What is the greatest common factor of 434 and 837?
31
What is the greatest common factor of 28 and 52?
4
What is the highest common factor of 13 and 273?
13
What is the greatest common factor of 143 and 11?
11
What is the greatest common divisor of 33 and 17457?
33
What is the highest common factor of 43352 and 16?
8
Calculate the greatest common factor of 24 and 2652.
12
What is the highest common divisor of 12 and 68?
4
Calculate the greatest common factor of 14522 and 424.
106
Calculate the highest common factor of 968 and 176.
88
Calculate the greatest common factor of 8 and 472.
8
What is the greatest common factor of 347 and 1?
1
Calculate the greatest common factor of 68 and 850.
34
Calculate the greatest common divisor of 2 and 39.
1
What is the highest common divisor of 666 and 18?
18
Calculate the greatest common factor of 32 and 416.
32
Calculate the greatest common divisor of 432 and 594.
54
Calculate the highest common factor of 600 and 5.
5
Calculate the greatest common factor of 87 and 1537.
29
Calculate the greatest common factor of 17787 and 294.
147
What is the greatest common divisor of 4644 and 129?
129
What is the greatest common factor of 689 and 13?
13
Calculate the highest common factor of 27 and 3.
3
What is the greatest common factor of 357 and 336?
21
What is the greatest common divisor of 7303 and 67?
67
Calculate the highest common factor of 11 and 13200.
11
What is the highest common divisor of 36 and 164?
4
Calculate the highest common divisor of 156 and 78.
78
Calculate the highest common divisor of 10 and 90.
10
Calculate the greatest common divisor of 325 and 5980.
65
Calculate the highest common factor of 130 and 7.
1
Calculate the highest common divisor of 8 and 256.
8
Calculate the greatest common divisor of 121 and 99.
11
Calculate the highest common factor of 1116 and 1612.
124
What is the highest common factor of 1323 and 833?
49
What is the highest common factor of 88 and 3212?
44
What is the highest common factor of 112 and 416?
16
Calculate the greatest common divisor of 45 and 441.
9
What is the greatest common factor of 4 and 2012?
4
Calculate the greatest common factor of 11 and 1067.
11
Calculate the highest common divisor of 603 and 3551.
67
Calculate the greatest common factor of 341 and 143.
11
Calculate the greatest common divisor of 915 and 15.
15
What is the highest common factor of 80 and 560?
80
What is the greatest common divisor of 42 and 98?
14
What is the highest common divisor of 20 and 40130?
10
Calculate the greatest common factor of 11871 and 18.
9
Calculate the greatest common divisor of 20 and 220.
20
Calculate the greatest common divisor of 2 and 33.
1
Calculate the highest common divisor of 312 and 1352.
104
Calculate the highest common divisor of 9955 and 165.
55
Calculate the highest common factor of 7 and 35.
7
Calculate the highest common factor of 340 and 20.
20
What is the greatest common divisor of 31 and 837?
31
What is the highest common factor of 5 and 1090?
5
Calculate the highest common factor of 5373 and 199.
199
What is the highest common divisor of 781 and 142?
71
What is the highest common factor of 12 and 3264?
12
Calculate the highest common factor of 2 and 108.
2
What is the greatest common factor of 546 and 624?
78
What is the greatest common factor of 5 and 125?
5
What is the highest common factor of 476 and 896?
28
What is the highest common factor of 423 and 47?
47
What is the highest common factor of 52 and 13?
13
Calculate the greatest common divisor of 462 and 176.
22
Calculate the highest common divisor of 1008 and 2.
2
Calculate the highest common factor of 15431 and 13.
13
What is the highest common divisor of 324 and 12?
12
Calculate the greatest common divisor of 1444 and 4.
4
What is the highest common divisor of 768 and 36?
12
Calculate the highest common divisor of 315 and 70.
35
What is the greatest common divisor of 416 and 352?
32
Calculate the greatest common factor of 465 and 15.
15
What is the highest common divisor of 27 and 153?
9
What is the greatest common divisor of 44 and 176?
44
Calculate the greatest common factor of 2088 and 58.
58
What is the highest common divisor of 10 and 6245?
5
What is the highest common divisor of 40 and 710?
10
Calculate the highest common factor of 245 and 1127.
49
Calculate the greatest common divisor of 8729 and 43.
43
What is the highest common divisor of 204 and 2176?
68
What is the greatest common factor of 54 and 37872?
18
What is the highest common divisor of 83 and 6723?
83
Calculate the highest common factor of 1771 and 1232.
77
What is the greatest common divisor of 836 and 1133?
11
What is the greatest common divisor of 1092 and 39?
39
What is the greatest common divisor of 615 and 30?
15
What is the highest common factor of 616 and 143?
11
What is the greatest common factor of 360 and 80?
40
Calculate the highest common divisor of 76 and 95.
19
What is the greatest common divisor of 10 and 380?
10
What is the greatest common divisor of 58 and 64?
2
What is the greatest common divisor of 249 and 581?
83
What is the greatest common factor of 8 and 58?
2
Calculate the highest common divisor of 100 and 4.
4
What is the greatest common divisor of 266 and 38?
38
Calculate the highest common divisor of 423 and 9.
9
What is the highest common divisor of 138 and 15732?
138
Calculate the highest common factor of 1757 and 7.
7
What is the highest common divisor of 9 and 144?
9
What is the greatest common factor of 480 and 180?
60
Calculate the greatest common factor of 12 and 156.
12
Calculate the greatest common divisor of 2196 and 96.
12
Calculate the greatest common factor of 3762 and 88.
22
What is the greatest common divisor of 252 and 612?
36
Calculate the greatest common factor of 14536 and 79.
79
Calculate the highest common factor of 918 and 270.
54
What is the greatest common factor of 24 and 64?
8
Calculate the highest common factor of 41128 and 1272.
424
Calculate the greatest common divisor of 121 and 7744.
121
Calculate the greatest common divisor of 2424 and 16.
8
What is the highest common factor of 79 and 13?
1
Calculate the greatest common factor of 33 and 528.
33
Calculate the greatest common divisor of 10219 and 11.
11
Calculate the greatest common factor of 364 and 756.
28
What is the greatest common factor of 7 and 567?
7
What is the greatest common divisor of 13 and 2?
1
What is the highest common factor of 41 and 5125?
41
Calculate the greatest common divisor of 44 and 253.
11
What is the highest common factor of 434 and 112?
14
What is the greatest common divisor of 490 and 294?
98
Calculate the greatest common divisor of 2418 and 78.
78
Calculate the greatest common divisor of 1072 and 67.
67
Calculate the highest common divisor of 86876 and 148.
148
What is the greatest common divisor of 2 and 298?
2
What is the highest common factor of 1660 and 60?
20
What is the greatest common factor of 35 and 3815?
35
What is the highest common factor of 3456 and 108?
108
Calculate the highest common factor of 150 and 6.
6
What is the highest common factor of 2526 and 6?
6
What is the greatest common factor of 95 and 1330?
95
Calculate th